{"id":18,"date":"2023-08-14T06:26:12","date_gmt":"2023-08-14T06:26:12","guid":{"rendered":"https:\/\/marecalmo.hr\/?page_id=18"},"modified":"2024-05-21T13:14:08","modified_gmt":"2024-05-21T11:14:08","slug":"services","status":"publish","type":"page","link":"https:\/\/marecalmo.hr\/hr\/services\/","title":{"rendered":"Usluge"},"content":{"rendered":"\n<div class=\"wp-block-uagb-container uagb-block-4c3875af alignfull uagb-is-root-container\"><div class=\"uagb-container-inner-blocks-wrap\">\n<div class=\"wp-block-uagb-advanced-heading uagb-block-36237826\"><h1 class=\"uagb-heading-text\">Izleti brodom osmi\u0161ljeni po Va\u0161em ukusu<\/h1><\/div>\n<\/div><\/div>\n\n\n\n<div class=\"wp-block-uagb-container uagb-block-e7fbe3aa alignfull uagb-is-root-container\"><div class=\"uagb-container-inner-blocks-wrap\">\n<div class=\"wp-block-uagb-container uagb-block-5e79e1ce\">\n<div class=\"wp-block-uagb-advanced-heading uagb-block-569cbed0\"><h6 class=\"uagb-heading-text\">01.<\/h6><\/div>\n\n\n\n<div class=\"wp-block-uagb-advanced-heading uagb-block-465fb945\"><h3 class=\"uagb-heading-text\">Privatne ture brodom<\/h3><\/div>\n<\/div>\n\n\n\n<div class=\"wp-block-uagb-container uagb-block-1d616714\">\n<div class=\"wp-block-uagb-icon-list uagb-block-456aca54\"><div class=\"uagb-icon-list__wrap\">\n<div class=\"wp-block-uagb-icon-list-child uagb-block-c9d6d820\"><span class=\"uagb-icon-list__source-wrap\"><svg xmlns=\"https:\/\/www.w3.org\/2000\/svg\" viewBox=\"0 0 256 512\"><path d=\"M118.6 105.4l128 127.1C252.9 239.6 256 247.8 256 255.1s-3.125 16.38-9.375 22.63l-128 127.1c-9.156 9.156-22.91 11.9-34.88 6.943S64 396.9 64 383.1V128c0-12.94 7.781-24.62 19.75-29.58S109.5 96.23 118.6 105.4z\"><\/path><\/svg><\/span><span class=\"uagb-icon-list__label\">Split &#8211; Bra\u010d &#8211; Pakleni otoci &#8211; Hvar<\/span><\/div>\n\n\n\n<div class=\"wp-block-uagb-icon-list-child uagb-block-e1c47c51\"><span class=\"uagb-icon-list__source-wrap\"><svg xmlns=\"https:\/\/www.w3.org\/2000\/svg\" viewBox=\"0 0 256 512\"><path d=\"M118.6 105.4l128 127.1C252.9 239.6 256 247.8 256 255.1s-3.125 16.38-9.375 22.63l-128 127.1c-9.156 9.156-22.91 11.9-34.88 6.943S64 396.9 64 383.1V128c0-12.94 7.781-24.62 19.75-29.58S109.5 96.23 118.6 105.4z\"><\/path><\/svg><\/span><span class=\"uagb-icon-list__label\">Split &#8211; Krknja\u0161i &#8211; \u0160olta<\/span><\/div>\n\n\n\n<div class=\"wp-block-uagb-icon-list-child uagb-block-9a147e0e\"><span class=\"uagb-icon-list__source-wrap\"><svg xmlns=\"https:\/\/www.w3.org\/2000\/svg\" viewBox=\"0 0 256 512\"><path d=\"M118.6 105.4l128 127.1C252.9 239.6 256 247.8 256 255.1s-3.125 16.38-9.375 22.63l-128 127.1c-9.156 9.156-22.91 11.9-34.88 6.943S64 396.9 64 383.1V128c0-12.94 7.781-24.62 19.75-29.58S109.5 96.23 118.6 105.4z\"><\/path><\/svg><\/span><span class=\"uagb-icon-list__label\">Split &#8211; Vis &#8211; Modra \u0161pilja &#8211; Pakleni otoci &#8211; Hvar\u00a0<\/span><\/div>\n\n\n\n<div class=\"wp-block-uagb-icon-list-child uagb-block-9134a15a\"><span class=\"uagb-icon-list__source-wrap\"><svg xmlns=\"https:\/\/www.w3.org\/2000\/svg\" viewBox=\"0 0 256 512\"><path d=\"M118.6 105.4l128 127.1C252.9 239.6 256 247.8 256 255.1s-3.125 16.38-9.375 22.63l-128 127.1c-9.156 9.156-22.91 11.9-34.88 6.943S64 396.9 64 383.1V128c0-12.94 7.781-24.62 19.75-29.58S109.5 96.23 118.6 105.4z\"><\/path><\/svg><\/span><span class=\"uagb-icon-list__label\">Split &#8211; Kor\u010dula &#8211; Dubrovnik<\/span><\/div>\n\n\n\n<div class=\"wp-block-uagb-icon-list-child uagb-block-d454a2ee\"><span class=\"uagb-icon-list__source-wrap\"><svg xmlns=\"https:\/\/www.w3.org\/2000\/svg\" viewBox=\"0 0 256 512\"><path d=\"M118.6 105.4l128 127.1C252.9 239.6 256 247.8 256 255.1s-3.125 16.38-9.375 22.63l-128 127.1c-9.156 9.156-22.91 11.9-34.88 6.943S64 396.9 64 383.1V128c0-12.94 7.781-24.62 19.75-29.58S109.5 96.23 118.6 105.4z\"><\/path><\/svg><\/span><span class=\"uagb-icon-list__label\">Split &#8211; Hvar &#8211; Kor\u010dula<\/span><\/div>\n<\/div><\/div>\n\n\n\n<p>* svaki izlet u potpunosti je mogu\u0107e personalizirati<\/p>\n\n\n\n<div class=\"wp-block-buttons is-layout-flex wp-block-buttons-is-layout-flex\">\n<div class=\"wp-block-button\"><a class=\"wp-block-button__link wp-element-button\" href=\"https:\/\/wa.me\/385998321116\">CIJENA NA UPIT<\/a><\/div>\n<\/div>\n<\/div>\n\n\n\n<div class=\"wp-block-uagb-container uagb-block-1f235610\">\n<div class=\"wp-block-uagb-image alignleft uagb-block-2abcf112 wp-block-uagb-image--layout-default wp-block-uagb-image--effect-static wp-block-uagb-image--align-left\"><figure class=\"wp-block-uagb-image__figure\"><img decoding=\"async\" srcset=\"https:\/\/marecalmo.hr\/wp-content\/uploads\/2024\/05\/y-22-Large-1024x767.jpeg ,https:\/\/marecalmo.hr\/wp-content\/uploads\/2024\/05\/y-22-Large.jpeg 780w, https:\/\/marecalmo.hr\/wp-content\/uploads\/2024\/05\/y-22-Large.jpeg 360w\" sizes=\"auto, (max-width: 480px) 150px\" src=\"https:\/\/marecalmo.hr\/wp-content\/uploads\/2024\/05\/y-22-Large-1024x767.jpeg\" alt=\"\" class=\"uag-image-1407\" width=\"400\" height=\"350\" title=\"y-22 Large\" loading=\"lazy\" role=\"img\"\/><\/figure><\/div>\n<\/div>\n<\/div><\/div>\n\n\n\n<div class=\"wp-block-uagb-container uagb-block-771b341f alignfull uagb-is-root-container\"><div class=\"uagb-container-inner-blocks-wrap\">\n<div class=\"wp-block-uagb-container uagb-block-629f17ae\">\n<div class=\"wp-block-uagb-advanced-heading uagb-block-095c9b11\"><h6 class=\"uagb-heading-text\">02.<\/h6><\/div>\n\n\n\n<div class=\"wp-block-uagb-advanced-heading uagb-block-1eb033c6\"><h3 class=\"uagb-heading-text\">Privatni transferi brodom\u00a0<\/h3><\/div>\n<\/div>\n\n\n\n<div class=\"wp-block-uagb-container uagb-block-df1c0d10\">\n<div class=\"wp-block-uagb-advanced-heading uagb-block-86ccdb5f\"><p class=\"uagb-desc-text\">Kontaktirajte nas za privatne transefer brodom du\u017e Jadranske obale.\u00a0<\/p><\/div>\n\n\n\n<div class=\"wp-block-buttons is-layout-flex wp-block-buttons-is-layout-flex\">\n<div class=\"wp-block-button\"><a class=\"wp-block-button__link wp-element-button\" href=\"https:\/\/wa.me\/385998321116\">REZERVIRAJTE ODMAH<\/a><\/div>\n<\/div>\n<\/div>\n\n\n\n<div class=\"wp-block-uagb-container uagb-block-d7d47c8b\">\n<div class=\"wp-block-uagb-image alignleft uagb-block-0a3b0cd1 wp-block-uagb-image--layout-default wp-block-uagb-image--effect-static wp-block-uagb-image--align-left\"><figure class=\"wp-block-uagb-image__figure\"><img decoding=\"async\" srcset=\"https:\/\/marecalmo.hr\/wp-content\/uploads\/2024\/05\/y-52-Large-1024x767.jpeg ,https:\/\/marecalmo.hr\/wp-content\/uploads\/2024\/05\/y-52-Large.jpeg 780w, https:\/\/marecalmo.hr\/wp-content\/uploads\/2024\/05\/y-52-Large.jpeg 360w\" sizes=\"auto, (max-width: 480px) 150px\" src=\"https:\/\/marecalmo.hr\/wp-content\/uploads\/2024\/05\/y-52-Large-1024x767.jpeg\" alt=\"\" class=\"uag-image-1412\" width=\"400\" height=\"450\" title=\"y-52 Large\" loading=\"lazy\" role=\"img\"\/><\/figure><\/div>\n<\/div>\n<\/div><\/div>\n\n\n\n<div class=\"wp-block-uagb-container uagb-block-9caa1a47 alignfull uagb-is-root-container\"><div class=\"uagb-container-inner-blocks-wrap\">\n<div class=\"wp-block-uagb-advanced-heading uagb-block-3a57683f\"><h2 class=\"uagb-heading-text\">Zapo\u010dnite svoju avanturu uz <br>Mare Calmo<\/h2><\/div>\n\n\n\n<div class=\"wp-block-uagb-buttons uagb-buttons__outer-wrap uagb-btn__default-btn uagb-btn-tablet__default-btn uagb-btn-mobile__default-btn uagb-block-9979be0d\"><div class=\"uagb-buttons__wrap uagb-buttons-layout-wrap \">\n<div class=\"wp-block-uagb-buttons-child uagb-buttons__outer-wrap uagb-block-84fd34e5 wp-block-button\"><div class=\"uagb-button__wrapper\"><a class=\"uagb-buttons-repeater wp-block-button__link\" aria-label=\"\" href=\"https:\/\/wa.me\/385998321116\" rel=\"follow noopener\" target=\"_self\" role=\"button\"><div class=\"uagb-button__link\">REZERVIRAJTE ODMAH<\/div><\/a><\/div><\/div>\n<\/div><\/div>\n<\/div><\/div>\n","protected":false},"excerpt":{"rendered":"<p>Izleti brodom osmi\u0161ljeni po Va\u0161em ukusu 01. Privatne ture brodom * svaki izlet u potpunosti je mogu\u0107e personalizirati 02. Privatni transferi brodom\u00a0 Kontaktirajte nas za privatne transefer brodom du\u017e Jadranske obale.\u00a0<\/p>\n","protected":false},"author":1,"featured_media":0,"parent":0,"menu_order":0,"comment_status":"closed","ping_status":"closed","template":"","meta":{"_uag_custom_page_level_css":"","site-sidebar-layout":"default","site-content-layout":"plain-container","ast-site-content-layout":"normal-width-container","site-content-style":"unboxed","site-sidebar-style":"unboxed","ast-global-header-display":"","ast-banner-title-visibility":"disabled","ast-main-header-display":"","ast-hfb-above-header-display":"","ast-hfb-below-header-display":"","ast-hfb-mobile-header-display":"","site-post-title":"","ast-breadcrumbs-content":"","ast-featured-img":"","footer-sml-layout":"","theme-transparent-header-meta":"","adv-header-id-meta":"","stick-header-meta":"","header-above-stick-meta":"","header-main-stick-meta":"","header-below-stick-meta":"","astra-migrate-meta-layouts":"set","ast-page-background-enabled":"default","ast-page-background-meta":{"desktop":{"background-color":"var(--ast-global-color-4)","background-image":"","background-repeat":"repeat","background-position":"center center","background-size":"auto","background-attachment":"scroll","background-type":"","background-media":"","overlay-type":"","overlay-color":"","overlay-gradient":""},"tablet":{"background-color":"","background-image":"","background-repeat":"repeat","background-position":"center center","background-size":"auto","background-attachment":"scroll","background-type":"","background-media":"","overlay-type":"","overlay-color":"","overlay-gradient":""},"mobile":{"background-color":"","background-image":"","background-repeat":"repeat","background-position":"center center","background-size":"auto","background-attachment":"scroll","background-type":"","background-media":"","overlay-type":"","overlay-color":"","overlay-gradient":""}},"ast-content-background-meta":{"desktop":{"background-color":"var(--ast-global-color-5)","background-image":"","background-repeat":"repeat","background-position":"center center","background-size":"auto","background-attachment":"scroll","background-type":"","background-media":"","overlay-type":"","overlay-color":"","overlay-gradient":""},"tablet":{"background-color":"var(--ast-global-color-5)","background-image":"","background-repeat":"repeat","background-position":"center center","background-size":"auto","background-attachment":"scroll","background-type":"","background-media":"","overlay-type":"","overlay-color":"","overlay-gradient":""},"mobile":{"background-color":"var(--ast-global-color-5)","background-image":"","background-repeat":"repeat","background-position":"center center","background-size":"auto","background-attachment":"scroll","background-type":"","background-media":"","overlay-type":"","overlay-color":"","overlay-gradient":""}},"footnotes":""},"class_list":["post-18","page","type-page","status-publish","hentry"],"uagb_featured_image_src":{"full":false,"thumbnail":false,"medium":false,"medium_large":false,"large":false,"1536x1536":false,"2048x2048":false,"trp-custom-language-flag":false},"uagb_author_info":{"display_name":"marecalmo.hr","author_link":"https:\/\/marecalmo.hr\/hr\/author\/marecalmo-hr\/"},"uagb_comment_info":0,"uagb_excerpt":"Izleti brodom osmi\u0161ljeni po Va\u0161em ukusu 01. Privatne ture brodom * svaki izlet u potpunosti je mogu\u0107e personalizirati 02. Privatni transferi brodom\u00a0 Kontaktirajte nas za privatne transefer brodom du\u017e Jadranske obale.\u00a0","_links":{"self":[{"href":"https:\/\/marecalmo.hr\/hr\/wp-json\/wp\/v2\/pages\/18","targetHints":{"allow":["GET"]}}],"collection":[{"href":"https:\/\/marecalmo.hr\/hr\/wp-json\/wp\/v2\/pages"}],"about":[{"href":"https:\/\/marecalmo.hr\/hr\/wp-json\/wp\/v2\/types\/page"}],"author":[{"embeddable":true,"href":"https:\/\/marecalmo.hr\/hr\/wp-json\/wp\/v2\/users\/1"}],"replies":[{"embeddable":true,"href":"https:\/\/marecalmo.hr\/hr\/wp-json\/wp\/v2\/comments?post=18"}],"version-history":[{"count":8,"href":"https:\/\/marecalmo.hr\/hr\/wp-json\/wp\/v2\/pages\/18\/revisions"}],"predecessor-version":[{"id":1522,"href":"https:\/\/marecalmo.hr\/hr\/wp-json\/wp\/v2\/pages\/18\/revisions\/1522"}],"wp:attachment":[{"href":"https:\/\/marecalmo.hr\/hr\/wp-json\/wp\/v2\/media?parent=18"}],"curies":[{"name":"wp","href":"https:\/\/api.w.org\/{rel}","templated":true}]}}

<div class="wp-block-uagb-container uagb-block-4c3875af alignfull uagb-is-root-container"><div class="uagb-container-inner-blocks-wrap">
<div class="wp-block-uagb-advanced-heading uagb-block-36237826"><h1 class="uagb-heading-text">Izleti brodom osmišljeni po Vašem ukusu</h1></div>
</div></div>



<div class="wp-block-uagb-container uagb-block-e7fbe3aa alignfull uagb-is-root-container"><div class="uagb-container-inner-blocks-wrap">
<div class="wp-block-uagb-container uagb-block-5e79e1ce">
<div class="wp-block-uagb-advanced-heading uagb-block-569cbed0"><h6 class="uagb-heading-text">01.</h6></div>



<div class="wp-block-uagb-advanced-heading uagb-block-465fb945"><h3 class="uagb-heading-text">Privatne ture brodom</h3></div>
</div>



<div class="wp-block-uagb-container uagb-block-1d616714">
<div class="wp-block-uagb-icon-list uagb-block-456aca54"><div class="uagb-icon-list__wrap">
<div class="wp-block-uagb-icon-list-child uagb-block-c9d6d820"><span class="uagb-icon-list__source-wrap"><svg xmlns="https://www.w3.org/2000/svg" viewBox="0 0 256 512"><path d="M118.6 105.4l128 127.1C252.9 239.6 256 247.8 256 255.1s-3.125 16.38-9.375 22.63l-128 127.1c-9.156 9.156-22.91 11.9-34.88 6.943S64 396.9 64 383.1V128c0-12.94 7.781-24.62 19.75-29.58S109.5 96.23 118.6 105.4z"></path></svg></span><span class="uagb-icon-list__label">Split &#8211; Brač &#8211; Pakleni otoci &#8211; Hvar</span></div>



<div class="wp-block-uagb-icon-list-child uagb-block-e1c47c51"><span class="uagb-icon-list__source-wrap"><svg xmlns="https://www.w3.org/2000/svg" viewBox="0 0 256 512"><path d="M118.6 105.4l128 127.1C252.9 239.6 256 247.8 256 255.1s-3.125 16.38-9.375 22.63l-128 127.1c-9.156 9.156-22.91 11.9-34.88 6.943S64 396.9 64 383.1V128c0-12.94 7.781-24.62 19.75-29.58S109.5 96.23 118.6 105.4z"></path></svg></span><span class="uagb-icon-list__label">Split &#8211; Krknjaši &#8211; Šolta</span></div>



<div class="wp-block-uagb-icon-list-child uagb-block-9a147e0e"><span class="uagb-icon-list__source-wrap"><svg xmlns="https://www.w3.org/2000/svg" viewBox="0 0 256 512"><path d="M118.6 105.4l128 127.1C252.9 239.6 256 247.8 256 255.1s-3.125 16.38-9.375 22.63l-128 127.1c-9.156 9.156-22.91 11.9-34.88 6.943S64 396.9 64 383.1V128c0-12.94 7.781-24.62 19.75-29.58S109.5 96.23 118.6 105.4z"></path></svg></span><span class="uagb-icon-list__label">Split &#8211; Vis &#8211; Modra špilja &#8211; Pakleni otoci &#8211; Hvar </span></div>



<div class="wp-block-uagb-icon-list-child uagb-block-9134a15a"><span class="uagb-icon-list__source-wrap"><svg xmlns="https://www.w3.org/2000/svg" viewBox="0 0 256 512"><path d="M118.6 105.4l128 127.1C252.9 239.6 256 247.8 256 255.1s-3.125 16.38-9.375 22.63l-128 127.1c-9.156 9.156-22.91 11.9-34.88 6.943S64 396.9 64 383.1V128c0-12.94 7.781-24.62 19.75-29.58S109.5 96.23 118.6 105.4z"></path></svg></span><span class="uagb-icon-list__label">Split &#8211; Korčula &#8211; Dubrovnik</span></div>



<div class="wp-block-uagb-icon-list-child uagb-block-d454a2ee"><span class="uagb-icon-list__source-wrap"><svg xmlns="https://www.w3.org/2000/svg" viewBox="0 0 256 512"><path d="M118.6 105.4l128 127.1C252.9 239.6 256 247.8 256 255.1s-3.125 16.38-9.375 22.63l-128 127.1c-9.156 9.156-22.91 11.9-34.88 6.943S64 396.9 64 383.1V128c0-12.94 7.781-24.62 19.75-29.58S109.5 96.23 118.6 105.4z"></path></svg></span><span class="uagb-icon-list__label">Split &#8211; Hvar &#8211; Korčula</span></div>
</div></div>



<p>* svaki izlet u potpunosti je moguće personalizirati</p>



<div class="wp-block-buttons is-layout-flex wp-block-buttons-is-layout-flex">
<div class="wp-block-button"><a class="wp-block-button__link wp-element-button" href="https://wa.me/385998321116">CIJENA NA UPIT</a></div>
</div>
</div>



<div class="wp-block-uagb-container uagb-block-1f235610">
<div class="wp-block-uagb-image alignleft uagb-block-2abcf112 wp-block-uagb-image--layout-default wp-block-uagb-image--effect-static wp-block-uagb-image--align-left"><figure class="wp-block-uagb-image__figure"><img decoding="async" srcset="https://marecalmo.hr/wp-content/uploads/2024/05/y-22-Large-1024x767.jpeg ,https://marecalmo.hr/wp-content/uploads/2024/05/y-22-Large.jpeg 780w, https://marecalmo.hr/wp-content/uploads/2024/05/y-22-Large.jpeg 360w" sizes="auto, (max-width: 480px) 150px" src="https://marecalmo.hr/wp-content/uploads/2024/05/y-22-Large-1024x767.jpeg" alt="" class="uag-image-1407" width="400" height="350" title="y-22 Large" loading="lazy" role="img"/></figure></div>
</div>
</div></div>



<div class="wp-block-uagb-container uagb-block-771b341f alignfull uagb-is-root-container"><div class="uagb-container-inner-blocks-wrap">
<div class="wp-block-uagb-container uagb-block-629f17ae">
<div class="wp-block-uagb-advanced-heading uagb-block-095c9b11"><h6 class="uagb-heading-text">02.</h6></div>



<div class="wp-block-uagb-advanced-heading uagb-block-1eb033c6"><h3 class="uagb-heading-text">Privatni transferi brodom </h3></div>
</div>



<div class="wp-block-uagb-container uagb-block-df1c0d10">
<div class="wp-block-uagb-advanced-heading uagb-block-86ccdb5f"><p class="uagb-desc-text">Kontaktirajte nas za privatne transefer brodom duž Jadranske obale. </p></div>



<div class="wp-block-buttons is-layout-flex wp-block-buttons-is-layout-flex">
<div class="wp-block-button"><a class="wp-block-button__link wp-element-button" href="https://wa.me/385998321116">REZERVIRAJTE ODMAH</a></div>
</div>
</div>



<div class="wp-block-uagb-container uagb-block-d7d47c8b">
<div class="wp-block-uagb-image alignleft uagb-block-0a3b0cd1 wp-block-uagb-image--layout-default wp-block-uagb-image--effect-static wp-block-uagb-image--align-left"><figure class="wp-block-uagb-image__figure"><img decoding="async" srcset="https://marecalmo.hr/wp-content/uploads/2024/05/y-52-Large-1024x767.jpeg ,https://marecalmo.hr/wp-content/uploads/2024/05/y-52-Large.jpeg 780w, https://marecalmo.hr/wp-content/uploads/2024/05/y-52-Large.jpeg 360w" sizes="auto, (max-width: 480px) 150px" src="https://marecalmo.hr/wp-content/uploads/2024/05/y-52-Large-1024x767.jpeg" alt="" class="uag-image-1412" width="400" height="450" title="y-52 Large" loading="lazy" role="img"/></figure></div>
</div>
</div></div>



<div class="wp-block-uagb-container uagb-block-9caa1a47 alignfull uagb-is-root-container"><div class="uagb-container-inner-blocks-wrap">
<div class="wp-block-uagb-advanced-heading uagb-block-3a57683f"><h2 class="uagb-heading-text">Započnite svoju avanturu uz <br>Mare Calmo</h2></div>



<div class="wp-block-uagb-buttons uagb-buttons__outer-wrap uagb-btn__default-btn uagb-btn-tablet__default-btn uagb-btn-mobile__default-btn uagb-block-9979be0d"><div class="uagb-buttons__wrap uagb-buttons-layout-wrap ">
<div class="wp-block-uagb-buttons-child uagb-buttons__outer-wrap uagb-block-84fd34e5 wp-block-button"><div class="uagb-button__wrapper"><a class="uagb-buttons-repeater wp-block-button__link" aria-label="" href="https://wa.me/385998321116" rel="follow noopener" target="_self" role="button"><div class="uagb-button__link">REZERVIRAJTE ODMAH</div></a></div></div>
</div></div>
</div></div>

<p>Izleti brodom osmišljeni po Vašem ukusu 01. Privatne ture brodom * svaki izlet u potpunosti je moguće personalizirati 02. Privatni transferi brodom  Kontaktirajte nas za privatne transefer brodom duž Jadranske obale. </p>

Izleti brodom osmišljeni po Vašem ukusu 01. Privatne ture brodom * svaki izlet u potpunosti je moguće personalizirati 02. Privatni transferi brodom  Kontaktirajte nas za privatne transefer brodom duž Jadranske obale.
